ate the highest common divisor of j and z.
15
Let a = -42 - 2. Let w = a - -140. What is the greatest common factor of 240 and w?
48
Suppose -28*v + 3*g = -23*v - 15360, 12288 = 4*v - 5*g. Calculate the greatest common factor of 96 and v.
96
Let v be ((-73 - -1) + 0)/(-6 - -5). Suppose 0 = -f + 38 + v. Suppose 2*l - 12 - 8 = 0. What is the highest common factor of f and l?
10
Suppose 0*z + 18*z - 144 = 0. What is the highest common factor of 83 and z?
1
Suppose 5*d - 3*f - 8 = f, 0 = 3*d - 2*f - 6. Suppose p + d = 14. Let x(j) = j**2 + 39*j + 5. Let a be x(0). What is the greatest common divisor of p and a?
5
Let g(o) = -o + 24. Let k be g(6). Suppose 6*m + 108 = k*m. What is the highest common factor of m and 6?
3
Suppose -53*h + 145*h = 71*h + 4704. What is the greatest common divisor of h and 574?
14
Let p(v) = -632*v**3 + v**2 - 1. Let a be p(-1). Suppose -4*h = -a - 136. Calculate the greatest common factor of h and 12.
12
Suppose 15*c - c + 280 = 0. Let x be (-24)/((-45)/c + -1 + -2). Calculate the greatest common divisor of x and 80.
16
Suppose -2*k = h - 269, 4*k - 24 = h - 275. Let y be h + (44 - -5)/7. Calculate the greatest common factor of 10 and y.
10
Let s be 5*(-1 - 0) - (-53)/(1219/690). What is the greatest common factor of 49 and s?
1
Suppose -6*v = -13*v. Suppose 4*i - 20 = -v*i, -2*y - 49 = 3*i. Let l be 2/((-6)/3 - y/15). What is the greatest common factor of 165 and l?
15
Suppose y + 10*h - 14*h - 1005 = 0, 0 = 3*y + 4*h - 2935. Calculate the greatest common factor of y and 17533.
197
Let v be 11 + 0/(-4) + -4 - 4. Suppose 4*l + 0*l - 167 = -3*x, -5*x + v*l = -288. Let s = x - 37. What is the highest common factor of s and 10?
10
Suppose 0 = -39*l - 26875 + 2344. Let b = l + 805. What is the highest common factor of b and 64?
16
Suppose 3*o - 81 = -0*o. Suppose 162 = b + 5*v + 52, v - 4 = 0. Calculate the highest common factor of b and o.
9
Let u be 44*((-14)/(-4))/((-56)/(-196)). Suppose -14*f = -12*f - 8, 4*c = 2*f + 188. Calculate the greatest common factor of u and c.
49
Let i be (6 + 0)/(2 - 1). Suppose i*z - 2*z = 320. Let n be 7 + (-1 - -1) - -3. What is the greatest common divisor of n and z?
10
Suppose -27500*t = -27517*t + 612. Calculate the highest common divisor of t and 1236.
12
Suppose -j + 3*j + 1594 = 5*c, 0 = -2*c - 2*j + 646. Let f(u) = u**3 + 9*u**2 - 24*u - 212. Let p be f(-6). Calculate the greatest common divisor of c and p.
40
Suppose -8*t = 815 + 1089. Let h = -154 - t. Calculate the greatest common factor of 3 and h.
3
Suppose 0 = 103*m - 186*m + 1162. What is the highest common factor of m and 38?
2
Let t = 8 - -12. Let p(v) = v - 7. Let h be p(10). Suppose -h*j - c = -478, -2*c - 228 = -2*j + 96. Calculate the greatest common factor of t and j.
20
Let z be (-26)/2 - 8/(14801/988 + -15). Let k = 150 - 88. What is the greatest common divisor of k and z?
31
Suppose 5*h + 5*y = 60, -y = -7*h + 11*h - 42. Let u be 32/(-160) + 172/h. What is the greatest common factor of 391 and u?
17
Let p be (-220)/(((-17008)/1416 - -11) + 1). Calculate the greatest common factor of 30 and p.
30
Let a(l) = -l**2 - 2*l + 12. Let b be a(-5). Let c be -3 + 4 - (b - (0 - 5)). Let n be ((-46)/c - 2) + -4. What is the greatest common factor of 60 and n?
20
Let z be (-170)/(-6)*(-159408)/(-405). Calculate the highest common divisor of z and 816.
272
Let m be (-246*(-28)/16)/(-12*8/(-512)). Calculate the highest common factor of m and 72.
8
Let m(i) = -2*i**3 + 1. Let z(t) = 11*t**3 + 7*t**2 - 54*t + 1. Let s(w) = 5*m(w) + z(w). Let u be s(5). What is the highest common divisor of 468 and u?
36
Let g = 873 - 868. Suppose g*x = -7 - 18, -2*r = 4*x - 142. What is the greatest common divisor of r and 216?
27
Let j(c) = -2*c**3 + 6*c**2 + 21*c + 3. Let x be j(5). Let z = -2 - -5. Let n be (6/15)/(z/240). Calculate the greatest common divisor of n and x.
8
Let j be 10/((-18)/2565*-5). Suppose -50 = -4*d + 10. Calculate the greatest common divisor of j and d.
15
Let z(k) = k**3 - 7*k - 1. Let q be z(3). Suppose -2*t + q*s + 27 = 0, 4*s + 5 = -t - 1. What is the highest common divisor of 30 and t?
6
Suppose -457*i + 207941 + 1223568 = -1116723. Calculate the highest common divisor of i and 408.
136
Suppose -2*a + 0*a + 10 = 0. Calculate the highest common divisor of a and 855.
5
Let d be ((-235)/(-40) - 6) + 4681/8. Suppose -105 = 4*h - d. What is the greatest common divisor of h and 150?
30
Suppose 5 = -5*k, -o + 396 = 3*k - k. Suppose 112 + o = 3*n. Calculate the greatest common divisor of n and 34.
34
Suppose 2*s - 52 = -2*m, 0*m - 3*m = -6. Suppose 1971 = 110*b - 3969. Calculate the highest common factor of s and b.
6
Suppose 2*n + 7*t = 12*t + 900, 0 = 3*n + t - 1350. Calculate the greatest common factor of n and 1875.
75
Let c be (217/105 - 2) + (-323985)/(-225). Calculate the highest common factor of 45 and c.
45
Let w(n) = 18*n**2 - 65*n - 27. Let c be w(12). What is the highest common divisor of c and 280?
35
Suppose -3*f = 5*x - 1755 + 9809, -3*x = -3*f + 4842. Let a be (37/(-2))/(31/x). What is the greatest common factor of a and 74?
74
Let l be (4/8)/(1/6). Suppose -60 + 51 = -l*m. Suppose 2*k = -4 + 34. What is the highest common divisor of m and k?
3
Suppose 210*w - 290 = 208*w. What is the greatest common factor of 40 and w?
5
Let f be -2 + 45/3*(-4)/10. Let o be -8*(f - -7)*2. Calculate the greatest common factor of 64 and o.
16
Let o = -10873 - -10939. Suppose 5*r - 4*r = 1188. Calculate the highest common factor of o and r.
66
Suppose -4 = 2*r - 14. Suppose 383 = r*d - 57. Suppose 7*g = d + 66. What is the greatest common factor of g and 2?
2
Let w(p) = 8*p**2 - 86*p + 92. Let c be w(10). Suppose 3 = m + 1. Suppose m*h - 16 = h. Calculate the greatest common factor of h and c.
16
Suppose -9855 = -8*k + 5*k - 5*n, -9843 = -3*k - 3*n. Calculate the greatest common divisor of k and 50.
25
Suppose 15*t + 196 = 1291. Let q = t + 37. Calculate the highest common factor of 20 and q.
10
Suppose -28*k - 15*k = -19*k - 624. What is the greatest common factor of k and 15574?
26
Let o(f) = 15*f**2 - 130*f - 44. Let b be o(10). What is the highest common divisor of b and 1632?
12
Let k(n) = -n**2 + 13*n + 9. Let p be k(14). Let h be p/(-3)*6/10. Calculate the highest common factor of h and 27.
1
Suppose -x + 91 = m, 8*m + 443 = 13*m + 2*x. Calculate the highest common factor of m and 75.
3
Suppose 0*v + 613 = 2*z - 3*v, 2*z = 2*v + 608. Suppose -6421*g + 6425*g + 5*m = 52, 0 = 5*g + 2*m - 65. What is the highest common factor of g and z?
13
Suppose 58*p - 409860 = -80*p. Calculate the highest common divisor of p and 70.
10
Let m(x) = 284*x - 277*x + 4*x**2 + 1 + 0. Let b be m(-2). Suppose -5*l - h + 132 = 0, l + l = 3*h + 63. What is the greatest common factor of l and b?
3
Let i(x) = 3*x**2 - x - 1. Let r be i(-1). Let n = 33 - r. Suppose 4*m - 1310 = 2*u, -158 = -5*m + 2*u + 1482. What is the highest common divisor of m and n?
30
Let c be 2/29 - (-684)/174. What is the highest common divisor of c and 2756?
4
Let f(k) = 1027*k + 2472. Let t be f(16). Calculate the greatest common factor of 136 and t.
136
Let n be 20/(-3)*(-6)/4. Let r(y) = y**3 - 3*y**2 + 9*y - 22. Let m be r(5). Suppose m + 17 = 9*s. Calculate the highest common divisor of s and n.
10
Suppose 0 = -155*x + 2346 + 10674. Calculate the highest common factor of x and 2544.
12
Let h(n) = n**3 + 6*n**2 - 51*n - 124. Let j be h(6). Calculate the greatest common factor of j and 379.
1
Let h = -248 + 360. Let l = -5 + 12. What is the highest common divisor of h and l?
7
Let c = -359 + 627. Suppose 236 = 6*d - c. Calculate the greatest common factor of 42 and d.
42
Let w = 6336 - 5376. What is the highest common factor of 6 and w?
6
Let v = -183 - -525. Suppose 0 = -m - 2*m - j + 49, 0 = 2*m + j - 31. What is the greatest common divisor of v and m?
18
Let m(r) = r**2 - 2*r - 6. Let s be m(11). Suppose 5*v = 3*v + 174. Let a = v + s. Calculate the highest common divisor of 20 and a.
20
Let g = -1153 - -1174. Let m = 43 - -20. Calculate the greatest common factor of g and m.
21
Suppose 1130 - 106 = 64*m. Suppose 2*v - 616 = 2*s, -4 = -3*s - 16. What is the greatest common divisor of v and m?
16
Suppose 182 - 6 = 4*z + 2*l, 0 = 2*l - 8. Let n(r) = -2*r**3 - r**2 + 